 = -c**3 + 7*c**2 - 5*c - 8. Let d be i(6). Let f = 3 - d. Let r(l) = -l + 7. Calculate r(f).
2
Let w = -17 + 20. Let m(c) be the first derivative of -3*c**2 - 1 - 2*c**w - 6*c - 1/4*c**4. Give m(-5).
-1
Let d(r) = r**2 - 11*r + 15. Let g be d(10). Let y(k) = -k**3 + 6*k**2 - 5*k + 2. Calculate y(g).
2
Let h(j) = -j. Let c(q) = -q**3 + 3*q**2 + 5*q + 4. Let g(v) = c(v) + 4*h(v). Let f(b) = 4*b**2 - b - 1. Let z be 0 + 0 + -1 + 0. Let t be f(z). Determine g(t).
-8
Let p(z) = z - 1. Let k be p(0). Let d(v) = 3*v**3 - 2*v**2 - 2*v - 1. What is d(k)?
-4
Let h be (5 - 1) + (-21 - -20). Let m(u) = -2 + 2 - u**2 + u - 2. What is m(h)?
-8
Suppose -4*t + 7 = 31. Suppose 16 = -3*w + 7*w. Let c = w + t. Let j(b) = -b**2 - 3*b - 3. What is j(c)?
-1
Let y be -2*(1 + (-14)/4). Suppose -30 = -y*c - 10. Suppose -d = -5*d + c. Let g(t) = -3*t**3 - t**2 - t + 1. Give g(d).
-4
Suppose 19 + 1 = 5*v. Let w(q) = -3*q + 1. Give w(v).
-11
Let v(o) = -3*o**3 - 14*o**2 + 13*o - 3. Let u(x) = -x**3 - 7*x**2 + 6*x - 2. Let w(t) = 5*u(t) - 2*v(t). Calculate w(6).
-16
Let l(u) be the first derivative of -u**4/8 + u**3/2 - u**2 - 1. Let n(a) be the second derivative of l(a). Let h(d) = -d**3 + 4. Let p be h(0). What is n(p)?
-9
Suppose t - 2 = 0, 3*q = 6*q - 3*t - 6. Let z(c) = -c**2 + 7*c - 6. What is z(q)?
6
Let v be (4 - 6)*(-6)/(-4). Let l(s) = s. Let g be l(v). Let k(b) = b**2 + b. Calculate k(g).
6
Let q(o) = 3*o + o**2 - 2*o**2 - 2 + 3. Let w(b) = b**2. Let c be w(-1). Let z(d) = 3*d**2. Let x be z(c). Give q(x).
1
Let k(x) = -x**3 + 7*x**2 - 3*x - 2. Let o be k(6). Let r = o + -10. Suppose -r*y = -y. Let f(d) = d**3 + d**2 + d + 7. Give f(y).
7
Let c(g) = 4*g**2 - 7*g - g**3 + 3*g**2 + 9 - g + 0*g. Determine c(6).
-3
Let x be 18/45 - (-8)/5. Let p(v) = v**3 - 3*v**2 - v. What is p(x)?
-6
Let g(o) = o**3 - 4*o**2 + 2*o - 3. Let k be g(4). Let x(c) = -c. Let a(y) = y**2 - 10*y + 7. Let s(z) = -a(z) + 4*x(z). What is s(k)?
-2
Let b(g) be the first derivative of -g**4/4 + 8*g**3/3 - 7*g**2/2 + 7*g + 52. Determine b(7).
7
Let c(n) = n. Let j = 19 + -17. Let y be (j/(-3))/(6/(-9)). Determine c(y).
1
Let g(l) = l**2 - 3*l + 3. Let i(w) = -2*w**2 - 8*w + 2. Let q be i(-4). What is g(q)?
1
Let k(b) = b**3 + 5*b**2 - b + 4. Suppose d = -4*d + 3*z + 7, 2*d = -4*z + 8. Let n be (17 - d)*4/(-12). Give k(n).
9
Let h(y) be the second derivative of y**5/10 + y**3/3 + y**2/2 - y. Suppose -46 = 2*l - 44. Determine h(l).
-3
Let v(g) = -g**2 - 5*g - 2. Let h(x) be the first derivative of x**4/4 + 4*x**3/3 - 3*x**2/2 + 7*x + 5. Let j be h(-5). Give v(j).
4
Let n(o) = -8*o - 7. Let t(w) = -15*w - 13. Let d(y) = 11*n(y) - 6*t(y). Suppose 4*r = 4*q + 32, -5*q - 10 + 0 = 0. Let s be (-10)/r*9/(-3). Give d(s).
11
Suppose 0 = 3*x - 6*x. Let c(r) = x*r**2 - 4 + 4*r - r**2 + 0*r. What is c(5)?
-9
Let c(j) = -j**3 + 16*j**2 - 17*j + 35. Let p be c(15). Let x(i) = i**3 - 4*i**2 - 4*i - 3. Calculate x(p).
2
Let f(u) = 2*u**3 - 2*u. Let g = 6 + 4. Suppose -w - g = 5*h, -3*h + 0*w = 3*w + 6. Calculate f(h).
-12
Let t(d) = 5*d. Let m(f) = -f**2 - 2*f - 1. Let n be m(-3). Let j(c) = 3 - 3 + 4*c. Let g(s) = n*j(s) + 3*t(s). Determine g(2).
-2
Let h(x) = x + 2. Suppose 3*p + 6 = -0*p. Let q be p + 4/(-4) + 8. What is h(q)?
7
Let z be (-112)/(-63) + 4/18. Let d(k) = k + 1 + 0*k**2 + 2*k**2 - 3*k**z + 0*k. Suppose -1 = -0*x + x. Determine d(x).
-1
Let t(z) = -z**3 + 11*z**2 + 11*z + 10. Let g be t(12). Suppose 0*b - 2*b = -4. Let y(a) = -a + b*a - 2*a. Calculate y(g).
2
Let f(d) = -3*d + 4. Let c(j) = -7*j + 9. Let i(n) = 4*c(n) - 9*f(n). Calculate i(0).
0
Let o(i) = -4*i**2 - 3*i - 2. Let z(m) = 5*m**2 + 4*m + 3. Let u(v) = 4*o(v) + 3*z(v). Suppose 2*b + 8 = b. Let n = b + 11. Determine u(n).
-8
Let s = 1 + -5. Let t be (1 - 2) + (-3 - s). Let o(l) = t + 7*l + 10*l**2 - 3*l**2 - 5 + 3 + l**3. What is o(-6)?
-8
Suppose -11*b + 12 = -14*b. Let k(j) = -4 + 3 - j**2 + 2*j**2 + 4*j. Determine k(b).
-1
Let g(y) = -y + 8. Let c be g(6). Suppose 0 = 4*w - z - 5, 0 = w + w + 2*z + 10. Let f(b) = w*b**2 + 2 - 2*b**3 + b**2 + 3*b - 4. Determine f(c).
-8
Suppose -3*l - 26 + 11 = 0. Let a(g) = g**2 + 7*g. Calculate a(l).
-10
Let k = -9 - -17. Let j = -1 + k. Let p(d) = -7 - j + 3 + d. Give p(5).
-6
Suppose -6*r + 7*r = 3. Let c(u) = 4*u - 5*u - 3*u + 5 + r*u. Let t(s) = -s**3 + 3*s**2 + 3*s - 1. Let p be t(4). Determine c(p).
10
Let z(g) be the second derivative of -g**3/6 + g**2/2 - 17*g. What is z(-2)?
3
Let m(c) = 16*c + 2 - 2 - 13*c. Calculate m(3).
9
Let o(g) = -g**2 - 5*g - 4. Let f be -1*-1*(-4)/(-1). Suppose -f - 2 = 2*d. Give o(d).
2
Let v(g) = g**3 + 7*g**2 + 6. Let k(x) = x - 22. Let l be k(15). Calculate v(l).
6
Let i be (-2)/6*(-2 + -1). Let g(o) = -3 + o**2 - 2 + 0 + i. Give g(0).
-4
Let a(w) = 7*w. Let g = 13 + -9. Let x be (-2)/(-8) - 1/g. Suppose 0 = 3*o, 3*r + 3*o + 4 - 1 = x. Determine a(r).
-7
Suppose 2*g + 28 = -3*n, g + 2*n = n - 12. Let k(s) = -1. Let x(t) = t**2 + 9*t + 11. Let f(z) = 2*k(z) + x(z). Let v be f(g). Let w(q) = -9*q. What is w(v)?
-9
Let x(b) = -b - 15. Let i(y) = -5. Let v(k) = 7*i(k) - 2*x(k). Calculate v(-5).
-15
Let y(w) = -w**2 + 3*w + 4. Suppose -a - 12 = -5*a. Let p be 21/a + 0 + -1. Let x be 2/(-4)*-1*p. Calculate y(x).
4
Suppose 0 = -3*w - 0*w + 6. Suppose -6*b - 5*z = -b + 15, 10 = -w*b + 2*z. Let g(a) = a**2 + 6*a + 6. Let i be g(b). Let k(y) = y**3 + y**2 + 1. Determine k(i).
-3
Let j(b) = -b**3 + 4*b**2 + 2*b**3 + 4*b + 0*b**3 + 0*b**3. Suppose p + 3*p = -12. Give j(p).
-3
Let y(n) = -11*n + 2. Let t = -8 - -5. Let o(f) = -21*f + 3. Let p(w) = t*o(w) + 5*y(w). Calculate p(-1).
-7
Let b = 78 + -77. Let d(a) = -15*a - 1. Calculate d(b).
-16
Suppose -2*p - 3*d = -38, 3*d + 4 = 4*d. Let c(t) = -2*t + 12 + p - 26. Calculate c(-3).
5
Let z be (-1 - 2)*(-1 - -3). Let a be (-2)/z - (-112)/(-21). Let f(c) be the first derivative of c**3/3 + c**2 - 3*c - 1. What is f(a)?
12
Let y(f) = -4*f**2 - 9*f - 6. Let w(d) = -5*d**2 - 10*d - 6. Let r(u) = -5*w(u) + 6*y(u). Let v(i) = -i**3 - 15*i**2 - 15*i - 8. Let g be v(-14). Give r(g).
6
Let f(g) = 6*g - 3 - 7*g**2 - 2*g**2 + 10*g**2. Calculate f(-7).
4
Let x(n) = n - 5. Let b be x(5). Let w(m) be the second derivative of -1/12*m**4 - 3*m - 2*m**2 - 1/20*m**5 + 0 + 1/6*m**3. Calculate w(b).
-4
Let j(b) = -b**2 + b - 3. Let d(m) = m**2 + 5*m + 2. Let g be d(-5). Suppose g*p = -p. Determine j(p).
-3
Let h be -2 + -1 + (-66)/(-11). Let b(r) = 6*r**3 + h*r + 4 + r**3 - 6*r**3 - 1 + 6*r**2. Determine b(-5).
13
Let t = 10 + -15. Let i = t - 2. Let d(j) = -2*j**3 - 4*j**2 + 3*j + 1. Let m(z) = 5*z**3 + 9*z**2 - 7*z - 2. Let y(g) = i*d(g) - 3*m(g). What is y(2)?
-5
Let z(q) = -q - 3. Let s be z(3). Let g(m) be the third derivative of -m**6/120 - m**5/10 + m**4/24 + m**3/2 + m**2. Determine g(s).
-3
Let l(d) = d**3 + 6*d**2 - 3*d - 9. Let s(p) = -p**3 + 8*p**2 - p + 2. Let r be s(8). What is l(r)?
9
Let y(r) = r - 3. Let z(j) = -j + 6. Let s be z(6). Suppose 3*n + s*n = 12. Suppose -15 = n*f - 3. What is y(f)?
-6
Let t(w) = 1 - 2*w - 11 - 3*w. Let c(g) = 3*g + 5. Suppose -p - 4*p + 3*m = 20, 3*p + 5*m + 46 = 0. Let j(d) = p*c(d) - 4*t(d). Determine j(-4).
9
Let f(r) = r + 3. Let j be f(4). Let h(z) = 1 + z - j*z + z. Suppose -2*p - 7 = 5*l, 0 = l - 2*l + 4*p + 3. What is h(l)?
6
Let t(x) = 1. Let r(m) = m**3 - 2*m**2 - 3*m + 1. Let c(i) = r(i) - 4*t(i). Suppose -5*f + 2*o = -3 - 2, -3*f + 24 = 3*o. Calculate c(f).
-3
Suppose -c + 3*y = -9, c + 0 + 3 = -3*y. Suppose c*q = -10 + 25. Suppose -8*g = -q*g. Let t(j) = j - 5. Calculate t(g).
-5
Let c(i) = i**2 - 2*i - 2*i**3 + i - i**3 + 1. Suppose 2*v + 3*v - 30 = 0. Suppose -2*z = -k + 3, 0 = -z + v*z + 5*k - 30. Determine c(z).
-2
Let y be -3*((-6)/(-8) - 30/72). Suppose 0*w - 5*w + 5*z + 35 = 0, 4*w - 2*z = 18. Let c(g) = 2 - g - 3*g**w - 3 + 9*g**2. Give c(y).
6
Let t(m) = -6*m**3 + 8*m**2 - 1. Let q(s) = -s**3 - 1. Let w(g) = -5*q(g) + t(g). Determine w(8).
4
Suppose -19 = 4*n - 5*u, 0*u + 4*u + 28 = -4*n. Let t(y) = y**2 + 6*y + 4. Calculate t(n).
4
Let w(j) be the second derivative of 3*j**5/20 - 3*j**4/4 - j**3/3 + 13*j**2/2 + 6*j. Let i(o) = o**3 - 3*o**2 - o + 4. Let u(v) = -7*i(v) + 2*w(v). Give u(4).
-6
Let z(n) = n**3 - 7*n**2 + 5*n + 5. Let y = 20 - 14. Determine z(y).
-1
Let q(h)